[INFO] cloning repository https://github.com/SpicyRicecaker/raylib-experiment
[INFO] running `Command { std: "git" "-c" "credential.helper=" "-c" "credential.helper=/workspace/cargo-home/bin/git-credential-null" "clone" "--bare" "https://github.com/SpicyRicecaker/raylib-experiment" "/workspace/cache/git-repos/https%3A%2F%2Fgithub.com%2FSpicyRicecaker%2Fraylib-experiment", kill_on_drop: false }`
[INFO] [stderr] Cloning into bare repository '/workspace/cache/git-repos/https%3A%2F%2Fgithub.com%2FSpicyRicecaker%2Fraylib-experiment'...
[INFO] running `Command { std: "git" "rev-parse" "HEAD", kill_on_drop: false }`
[INFO] [stdout] 24b0e22d94cc482fd664732a575823e9218f9b2f
[INFO] building SpicyRicecaker/raylib-experiment against master#881c1ac408d93bb7adaa3a51dabab9266e82eee8 for issue-85264
[INFO] running `Command { std: "git" "clone" "/workspace/cache/git-repos/https%3A%2F%2Fgithub.com%2FSpicyRicecaker%2Fraylib-experiment" "/workspace/builds/worker-2/source", kill_on_drop: false }`
[INFO] [stderr] Cloning into '/workspace/builds/worker-2/source'...
[INFO] [stderr] done.
[INFO] validating manifest of git repo https://github.com/SpicyRicecaker/raylib-experiment on toolchain 881c1ac408d93bb7adaa3a51dabab9266e82eee8
[INFO] running `Command { std: "/workspace/cargo-home/bin/cargo" "+881c1ac408d93bb7adaa3a51dabab9266e82eee8" "metadata" "--manifest-path" "Cargo.toml" "--no-deps", kill_on_drop: false }`
[INFO] started tweaking git repo https://github.com/SpicyRicecaker/raylib-experiment
[INFO] finished tweaking git repo https://github.com/SpicyRicecaker/raylib-experiment
[INFO] tweaked toml for git repo https://github.com/SpicyRicecaker/raylib-experiment written to /workspace/builds/worker-2/source/Cargo.toml
[INFO] crate git repo https://github.com/SpicyRicecaker/raylib-experiment already has a lockfile, it will not be regenerated
[INFO] running `Command { std: "/workspace/cargo-home/bin/cargo" "+881c1ac408d93bb7adaa3a51dabab9266e82eee8" "fetch" "--manifest-path" "Cargo.toml", kill_on_drop: false }`
[INFO] [stderr]  Downloading crates ...
[INFO] [stderr]   Downloaded raylib-sys v3.5.0
[INFO] [stderr]   Downloaded raylib v3.5.0
[INFO] running `Command { std: "docker" "create" "-v" "/var/lib/crater-agent-workspace/builds/worker-2/target:/opt/rustwide/target:rw,Z" "-v" "/var/lib/crater-agent-workspace/builds/worker-2/source:/opt/rustwide/workdir:ro,Z" "-v" "/var/lib/crater-agent-workspace/cargo-home:/opt/rustwide/cargo-home:ro,Z" "-v" "/var/lib/crater-agent-workspace/rustup-home:/opt/rustwide/rustup-home:ro,Z" "-e" "SOURCE_DIR=/opt/rustwide/workdir" "-e" "CARGO_TARGET_DIR=/opt/rustwide/target" "-e" "CARGO_HOME=/opt/rustwide/cargo-home" "-e" "RUSTUP_HOME=/opt/rustwide/rustup-home" "-w" "/opt/rustwide/workdir" "-m" "1610612736" "--user" "0:0" "--network" "none" "ghcr.io/rust-lang/crates-build-env/linux@sha256:20528e8c29e4536546f0102ce88568b16ea7538393a33fcca951030f7af10457" "/opt/rustwide/cargo-home/bin/cargo" "+881c1ac408d93bb7adaa3a51dabab9266e82eee8" "metadata" "--no-deps" "--format-version=1", kill_on_drop: false }`
[INFO] [stdout] 1bca3647b34b2beb99903e7fb07241ceb1c0b9d259b3a15aff7c2eea78f6d13c
[INFO] [stderr] WARNING: Your kernel does not support swap limit capabilities or the cgroup is not mounted. Memory limited without swap.
[INFO] running `Command { std: "docker" "start" "-a" "1bca3647b34b2beb99903e7fb07241ceb1c0b9d259b3a15aff7c2eea78f6d13c", kill_on_drop: false }`
[INFO] running `Command { std: "docker" "inspect" "1bca3647b34b2beb99903e7fb07241ceb1c0b9d259b3a15aff7c2eea78f6d13c", kill_on_drop: false }`
[INFO] running `Command { std: "docker" "rm" "-f" "1bca3647b34b2beb99903e7fb07241ceb1c0b9d259b3a15aff7c2eea78f6d13c", kill_on_drop: false }`
[INFO] [stdout] 1bca3647b34b2beb99903e7fb07241ceb1c0b9d259b3a15aff7c2eea78f6d13c
[INFO] running `Command { std: "docker" "create" "-v" "/var/lib/crater-agent-workspace/builds/worker-2/target:/opt/rustwide/target:rw,Z" "-v" "/var/lib/crater-agent-workspace/builds/worker-2/source:/opt/rustwide/workdir:ro,Z" "-v" "/var/lib/crater-agent-workspace/cargo-home:/opt/rustwide/cargo-home:ro,Z" "-v" "/var/lib/crater-agent-workspace/rustup-home:/opt/rustwide/rustup-home:ro,Z" "-e" "SOURCE_DIR=/opt/rustwide/workdir" "-e" "CARGO_TARGET_DIR=/opt/rustwide/target" "-e" "CARGO_INCREMENTAL=0" "-e" "RUST_BACKTRACE=full" "-e" "RUSTFLAGS=--cap-lints=forbid" "-e" "CARGO_HOME=/opt/rustwide/cargo-home" "-e" "RUSTUP_HOME=/opt/rustwide/rustup-home" "-w" "/opt/rustwide/workdir" "-m" "1610612736" "--user" "0:0" "--network" "none" "ghcr.io/rust-lang/crates-build-env/linux@sha256:20528e8c29e4536546f0102ce88568b16ea7538393a33fcca951030f7af10457" "/opt/rustwide/cargo-home/bin/cargo" "+881c1ac408d93bb7adaa3a51dabab9266e82eee8" "build" "--frozen" "--message-format=json", kill_on_drop: false }`
[INFO] [stdout] 5d99906738cb55962270621a8e67c4cd206c6381174282002668184307d37e9a
[INFO] [stderr] WARNING: Your kernel does not support swap limit capabilities or the cgroup is not mounted. Memory limited without swap.
[INFO] running `Command { std: "docker" "start" "-a" "5d99906738cb55962270621a8e67c4cd206c6381174282002668184307d37e9a", kill_on_drop: false }`
[INFO] [stderr]    Compiling cc v1.0.67
[INFO] [stderr]    Compiling fs_extra v1.2.0
[INFO] [stderr]    Compiling lazy_static v1.4.0
[INFO] [stderr]    Compiling getrandom v0.2.3
[INFO] [stderr]    Compiling rand_core v0.6.2
[INFO] [stderr]    Compiling rand_chacha v0.3.0
[INFO] [stderr]    Compiling cmake v0.1.45
[INFO] [stderr]    Compiling rand v0.8.3
[INFO] [stderr]    Compiling raylib-sys v3.5.0
[INFO] [stderr]    Compiling raylib v3.5.0
[INFO] [stderr]    Compiling tetris-raylib-rs v0.1.0 (/opt/rustwide/workdir)
[INFO] [stdout] warning: unreachable pattern
[INFO] [stdout]    --> src/tetriminos.rs:330:13
[INFO] [stdout]     |
[INFO] [stdout] 330 |             _ => {
[INFO] [stdout]     |             ^
[INFO] [stdout]     |
[INFO] [stdout]     = note: `#[warn(unreachable_patterns)]` on by default
[INFO] [stdout] 
[INFO] [stdout] 
[INFO] [stdout] error[E0499]: cannot borrow `self.tetrimino_controls` as mutable more than once at a time
[INFO] [stdout]    --> src/lib.rs:147:9
[INFO] [stdout]     |
[INFO] [stdout] 147 | /         self.tetrimino_controls
[INFO] [stdout] 148 | |             .tick(rl, &mut self);
[INFO] [stdout]     | |______________----_____---------^ second mutable borrow occurs here
[INFO] [stdout]     |                |        |
[INFO] [stdout]     |                |        first mutable borrow occurs here
[INFO] [stdout]     |                first borrow later used by call
[INFO] [stdout] 
[INFO] [stdout] 
[INFO] [stdout] error[E0596]: cannot borrow `self` as mutable, as it is not declared as mutable
[INFO] [stdout]    --> src/lib.rs:148:23
[INFO] [stdout]     |
[INFO] [stdout] 148 |             .tick(rl, &mut self);
[INFO] [stdout]     |                       ^^^^^^^^^
[INFO] [stdout]     |                       |
[INFO] [stdout]     |                       cannot borrow as mutable
[INFO] [stdout]     |                       try removing `&mut` here
[INFO] [stdout] 
[INFO] [stdout] 
[INFO] [stdout] error[E0499]: cannot borrow `self` as mutable more than once at a time
[INFO] [stdout]    --> src/lib.rs:148:23
[INFO] [stdout]     |
[INFO] [stdout] 147 |         self.tetrimino_controls
[INFO] [stdout]     |         ----------------------- first mutable borrow occurs here
[INFO] [stdout] 148 |             .tick(rl, &mut self);
[INFO] [stdout]     |              ----     ^^^^^^^^^ second mutable borrow occurs here
[INFO] [stdout]     |              |
[INFO] [stdout]     |              first borrow later used by call
[INFO] [stdout] 
[INFO] [stdout] 
[INFO] [stdout] error: aborting due to 3 previous errors; 1 warning emitted
[INFO] [stdout] 
[INFO] [stdout] 
[INFO] [stdout] Some errors have detailed explanations: E0499, E0596.
[INFO] [stdout] 
[INFO] [stdout] For more information about an error, try `rustc --explain E0499`.
[INFO] [stdout] 
[INFO] [stderr] error: could not compile `tetris-raylib-rs`
[INFO] [stderr] 
[INFO] [stderr] To learn more, run the command again with --verbose.
[INFO] [stderr] warning: build failed, waiting for other jobs to finish...
[INFO] [stderr] error: build failed
[INFO] running `Command { std: "docker" "inspect" "5d99906738cb55962270621a8e67c4cd206c6381174282002668184307d37e9a", kill_on_drop: false }`
[INFO] running `Command { std: "docker" "rm" "-f" "5d99906738cb55962270621a8e67c4cd206c6381174282002668184307d37e9a", kill_on_drop: false }`
[INFO] [stdout] 5d99906738cb55962270621a8e67c4cd206c6381174282002668184307d37e9a
